{"id":35,"date":"2024-02-13T10:26:32","date_gmt":"2024-02-13T10:26:32","guid":{"rendered":"https:\/\/farnostchropyne.cz\/web\/?page_id=35"},"modified":"2026-05-02T06:53:47","modified_gmt":"2026-05-02T06:53:47","slug":"evangelium","status":"publish","type":"page","link":"https:\/\/farnostchropyne.cz\/web\/evangelium\/","title":{"rendered":"Evangelium"},"content":{"rendered":"\n<p><a><strong>Jd\u011bte do cel\u00e9ho sv\u011bta a ka\u017ete evangelium v\u0161emu stvo\u0159en\u00ed.<\/strong><\/a><\/p>\n\n\n\n<p><strong><em>St\u00e1le v\u00edce si uv\u011bdomuji, jak moc pot\u0159ebujeme po\u017eehn\u00e1n\u00ed pr\u00e1v\u011b my, tak ustra\u0161en\u00ed, \u00fazkostn\u00ed a nejist\u00ed lid\u00e9.<\/em><\/strong><\/p>\n\n\n\n<p><strong>Ne 3.5.26 Jan 14,1 \u2013 12<\/strong><\/p>\n\n\n\n<p><a href=\"http:\/\/biblenet.cz\/b\/John\/14#v1\"><strong>1<\/strong><\/a>\u201eVa\u0161e srdce a\u0165 se nechv\u011bje \u00fazkost\u00ed! V\u011b\u0159\u00edte v Boha, v\u011b\u0159te i ve mne.<a href=\"http:\/\/biblenet.cz\/b\/John\/14#v2\"><strong>2<\/strong><\/a>V dom\u011b m\u00e9ho Otce je mnoho p\u0159\u00edbytk\u016f; kdyby tomu tak nebylo, \u0159ekl bych v\u00e1m to. Jdu, abych v\u00e1m p\u0159ipravil m\u00edsto.<a href=\"http:\/\/biblenet.cz\/b\/John\/14#v3\"><strong>3<\/strong><\/a>A odejdu-li, abych v\u00e1m p\u0159ipravil m\u00edsto, op\u011bt p\u0159ijdu a vezmu v\u00e1s k sob\u011b, abyste i vy byli, kde jsem j\u00e1.<a href=\"http:\/\/biblenet.cz\/b\/John\/14#v4\"><strong>4<\/strong><\/a>A cestu, kam jdu, zn\u00e1te.\u201c<a href=\"http:\/\/biblenet.cz\/b\/John\/14#v5\"><strong>5<\/strong><\/a>\u0158ekne mu Tom\u00e1\u0161: \u201ePane, nev\u00edme, kam jde\u0161. Jak bychom mohli zn\u00e1t cestu?\u201c<a href=\"http:\/\/biblenet.cz\/b\/John\/14#v6\"><strong>6<\/strong><\/a>Je\u017e\u00ed\u0161 mu odpov\u011bd\u011bl: \u201eJ\u00e1 jsem ta cesta, pravda i \u017eivot. Nikdo nep\u0159ich\u00e1z\u00ed k Otci ne\u017e skrze mne.<a href=\"http:\/\/biblenet.cz\/b\/John\/14#v7\"><strong>7<\/strong><\/a>Kdybyste znali mne, znali byste i m\u00e9ho Otce. Nyn\u00ed ho ji\u017e zn\u00e1te, nebo\u0165 jste ho vid\u011bli.\u201c<a href=\"http:\/\/biblenet.cz\/b\/John\/14#v8\"><strong>8<\/strong><\/a>Filip mu \u0159ekl: \u201ePane, uka\u017e n\u00e1m Otce, a v\u00edc nepot\u0159ebujeme!\u201c<a href=\"http:\/\/biblenet.cz\/b\/John\/14#v9\"><strong>9<\/strong><\/a>Je\u017e\u00ed\u0161 mu odpov\u011bd\u011bl: \u201eTak dlouho jsem s v\u00e1mi, Filipe, a ty m\u011b nezn\u00e1\u0161? Kdo vid\u00ed mne, vid\u00ed Otce. Jak tedy m\u016f\u017ee\u0161 \u0159\u00edkat: Uka\u017e n\u00e1m Otce?<a href=\"http:\/\/biblenet.cz\/b\/John\/14#v10\"><strong>10<\/strong><\/a>Nev\u011b\u0159\u00ed\u0161, \u017ee j\u00e1 jsem v Otci a Otec je ve mn\u011b? Slova, kter\u00e1 v\u00e1m mluv\u00edm, nemluv\u00edm s\u00e1m od sebe; Otec, kter\u00fd ve mn\u011b p\u0159eb\u00fdv\u00e1, \u010din\u00ed sv\u00e9 skutky.<a href=\"http:\/\/biblenet.cz\/b\/John\/14#v11\"><strong>11<\/strong><\/a>V\u011b\u0159te mi, \u017ee j\u00e1 jsem v Otci a Otec ve mn\u011b; ne-li, v\u011b\u0159te aspo\u0148 pro ty skutky!<a href=\"http:\/\/biblenet.cz\/b\/John\/14#v12\"><strong>12<\/strong><\/a>Amen, amen, prav\u00edm v\u00e1m: Kdo v\u011b\u0159\u00ed ve mne, i on bude \u010dinit skutky, kter\u00e9 j\u00e1 \u010din\u00edm, a je\u0161t\u011b v\u011bt\u0161\u00ed, nebo\u0165 j\u00e1 jdu k Otci.<\/p>\n\n\n\n<p><strong><em>J\u00e1 jsem ta cesta, pravda i \u017eivot. Nikdo nep\u0159ich\u00e1z\u00ed k Otci ne\u017e skrze mne.<\/em><\/strong><\/p>\n\n\n\n<p><strong>Po 4.5.26 Jan 14,21 \u2013 26<\/strong><\/p>\n\n\n\n<p><a href=\"http:\/\/biblenet.cz\/b\/John\/14#v21\"><strong>21<\/strong><\/a>Kdo p\u0159ijal m\u00e1 p\u0159ik\u00e1z\u00e1n\u00ed a zachov\u00e1v\u00e1 je, ten m\u011b miluje. A toho, kdo m\u011b miluje, bude milovat m\u016fj Otec; i j\u00e1 ho budu milovat a d\u00e1m se mu poznat.\u201c<a href=\"http:\/\/biblenet.cz\/b\/John\/14#v22\"><strong>22<\/strong><\/a>\u0158ekl mu Juda, ne ten I\u0161kariotsk\u00fd: \u201ePane, jak to, \u017ee se chce\u0161 d\u00e1t poznat n\u00e1m, ale ne sv\u011btu?\u201c<a href=\"http:\/\/biblenet.cz\/b\/John\/14#v23\"><strong>23<\/strong><\/a>Je\u017e\u00ed\u0161 mu odpov\u011bd\u011bl: \u201eKdo m\u011b miluje, bude zachov\u00e1vat m\u00e9 slovo, a m\u016fj Otec ho bude milovat; p\u0159ijdeme k n\u011bmu a u\u010din\u00edme si u n\u011bho p\u0159\u00edbytek.<a href=\"http:\/\/biblenet.cz\/b\/John\/14#v24\"><strong>24<\/strong><\/a>Kdo m\u011b nemiluje, nezachov\u00e1v\u00e1 m\u00e1 slova. A slovo, kter\u00e9 sly\u0161\u00edte, nen\u00ed moje, ale m\u00e9ho Otce, kter\u00fd m\u011b poslal.<a href=\"http:\/\/biblenet.cz\/b\/John\/14#v25\"><strong>25<\/strong><\/a>Toto v\u00e1m prav\u00edm, dokud jsem s v\u00e1mi.<a href=\"http:\/\/biblenet.cz\/b\/John\/14#v26\"><strong>26<\/strong><\/a>Ale P\u0159\u00edmluvce, Duch svat\u00fd, kter\u00e9ho po\u0161le Otec ve jm\u00e9nu m\u00e9m, ten v\u00e1s nau\u010d\u00ed v\u0161emu a p\u0159ipomene v\u00e1m v\u0161ecko, co jsem v\u00e1m \u0159ekl.<\/p>\n\n\n\n<p><strong><em>Kdo p\u0159ijal m\u00e1 p\u0159ik\u00e1z\u00e1n\u00ed a zachov\u00e1v\u00e1 je, ten m\u011b miluje. A toho, kdo m\u011b miluje, bude milovat m\u016fj Otec; i j\u00e1 ho budu milovat a d\u00e1m se mu poznat.<\/em><\/strong><\/p>\n\n\n\n<p><strong>\u00dat 5.5.26 Jan 14,27 \u2013 31<\/strong><\/p>\n\n\n\n<p><a href=\"http:\/\/biblenet.cz\/b\/John\/14#v27\"><strong>27<\/strong><\/a>Pokoj v\u00e1m zanech\u00e1v\u00e1m, sv\u016fj pokoj v\u00e1m d\u00e1v\u00e1m; ne jako d\u00e1v\u00e1 sv\u011bt, j\u00e1 v\u00e1m d\u00e1v\u00e1m. A\u0165 se va\u0161e srdce nechv\u011bje a ned\u011bs\u00ed!<a href=\"http:\/\/biblenet.cz\/b\/John\/14#v28\"><strong>28<\/strong><\/a>Sly\u0161eli jste, \u017ee jsem v\u00e1m \u0159ekl: Odch\u00e1z\u00edm \u2013 a p\u0159ijdu k v\u00e1m. Jestli\u017ee m\u011b milujete, m\u011bli byste se radovat, \u017ee jdu k Otci; nebo\u0165 Otec je v\u011bt\u0161\u00ed ne\u017e j\u00e1.<a href=\"http:\/\/biblenet.cz\/b\/John\/14#v29\"><strong>29<\/strong><\/a>\u0158ekl jsem v\u00e1m to nyn\u00ed p\u0159edem, abyste potom, a\u017e se to stane, uv\u011b\u0159ili.<a href=\"http:\/\/biblenet.cz\/b\/John\/14#v30\"><strong>30<\/strong><\/a>Ji\u017e s v\u00e1mi nebudu mnoho mluvit, nebo\u0165 p\u0159ich\u00e1z\u00ed vl\u00e1dce tohoto sv\u011bta. Proti mn\u011b nic nezm\u016f\u017ee.<a href=\"http:\/\/biblenet.cz\/b\/John\/14#v31\"><strong>31<\/strong><\/a>Ale sv\u011bt m\u00e1 poznat, \u017ee miluji Otce a jedn\u00e1m, jak mi p\u0159ik\u00e1zal. \u2013 Vsta\u0148te, poj\u010fme odtud!\u201c<\/p>\n\n\n\n<p><strong><em>Pokoj v\u00e1m zanech\u00e1v\u00e1m, sv\u016fj pokoj v\u00e1m d\u00e1v\u00e1m; ne jako d\u00e1v\u00e1 sv\u011bt, j\u00e1 v\u00e1m d\u00e1v\u00e1m. A\u0165 se va\u0161e srdce nechv\u011bje a ned\u011bs\u00ed!<\/em><\/strong><\/p>\n\n\n\n<p><strong>St 6.5.26 Jan 15,1 \u2013 8<\/strong><\/p>\n\n\n\n<p><a href=\"http:\/\/biblenet.cz\/b\/John\/15#v1\"><strong>1<\/strong><\/a>\u201eJ\u00e1 jsem prav\u00fd vinn\u00fd kmen a m\u016fj Otec je vina\u0159.<a href=\"http:\/\/biblenet.cz\/b\/John\/15#v2\"><strong>2<\/strong><\/a>Ka\u017edou mou ratolest, kter\u00e1 nenese ovoce, od\u0159ez\u00e1v\u00e1, a ka\u017edou, kter\u00e1 nese ovoce, \u010dist\u00ed, aby nesla hojn\u011bj\u0161\u00ed ovoce.<a href=\"http:\/\/biblenet.cz\/b\/John\/15#v3\"><strong>3<\/strong><\/a>Vy jste ji\u017e \u010disti pro slovo, kter\u00e9 jsem k v\u00e1m mluvil.<a href=\"http:\/\/biblenet.cz\/b\/John\/15#v4\"><strong>4<\/strong><\/a>Z\u016fsta\u0148te ve mn\u011b, a j\u00e1 ve v\u00e1s. Jako ratolest nem\u016f\u017ee n\u00e9st ovoce sama od sebe, nez\u016fstane-li p\u0159i kmeni, tak ani vy, nez\u016fstanete-li ve mn\u011b.<a href=\"http:\/\/biblenet.cz\/b\/John\/15#v5\"><strong>5<\/strong><\/a>J\u00e1 jsem vinn\u00fd kmen, vy jste ratolesti. Kdo z\u016fst\u00e1v\u00e1 ve mn\u011b a j\u00e1 v n\u011bm, ten nese hojn\u00e9 ovoce; nebo\u0165 beze mne nem\u016f\u017eete \u010dinit nic.<a href=\"http:\/\/biblenet.cz\/b\/John\/15#v6\"><strong>6<\/strong><\/a>Kdo nez\u016fstane ve mn\u011b, bude vyvr\u017een ven jako ratolest a uschne; pak ji seberou, hod\u00ed do ohn\u011b a sp\u00e1l\u00ed.<a href=\"http:\/\/biblenet.cz\/b\/John\/15#v7\"><strong>7<\/strong><\/a>Z\u016fstanete-li ve mn\u011b a z\u016fstanou-li m\u00e1 slova ve v\u00e1s, proste, o\u010d chcete, a stane se v\u00e1m.<a href=\"http:\/\/biblenet.cz\/b\/John\/15#v8\"><strong>8<\/strong><\/a>T\u00edm bude oslaven m\u016fj Otec, kdy\u017e ponesete hojn\u00e9 ovoce a budete m\u00fdmi u\u010dedn\u00edky.<a href=\"http:\/\/biblenet.cz\/b\/John\/15#v9\"><strong>9<\/strong><\/a>Jako si Otec zamiloval mne, tak jsem si j\u00e1 zamiloval v\u00e1s. Z\u016fsta\u0148te v m\u00e9 l\u00e1sce.<\/p>\n\n\n\n<p><strong><em>J\u00e1 jsem vinn\u00fd kmen, vy jste ratolesti. Kdo z\u016fst\u00e1v\u00e1 ve mn\u011b a j\u00e1 v n\u011bm, ten nese hojn\u00e9 ovoce; nebo\u0165 beze mne nem\u016f\u017eete \u010dinit nic.<\/em><\/strong><\/p>\n\n\n\n<p><strong>\u010ct 7.5.26 Jan 15,9 \u2013 11<\/strong><\/p>\n\n\n\n<p><a href=\"http:\/\/biblenet.cz\/b\/John\/15#v9\"><strong>9<\/strong><\/a>Jako si Otec zamiloval mne, tak jsem si j\u00e1 zamiloval v\u00e1s. Z\u016fsta\u0148te v m\u00e9 l\u00e1sce.<a href=\"http:\/\/biblenet.cz\/b\/John\/15#v10\"><strong>10<\/strong><\/a>Zachov\u00e1te-li m\u00e1 p\u0159ik\u00e1z\u00e1n\u00ed, z\u016fstanete v m\u00e9 l\u00e1sce, jako j\u00e1 zachov\u00e1v\u00e1m p\u0159ik\u00e1z\u00e1n\u00ed sv\u00e9ho Otce a z\u016fst\u00e1v\u00e1m v jeho l\u00e1sce.<a href=\"http:\/\/biblenet.cz\/b\/John\/15#v11\"><strong>11<\/strong><\/a>To jsem v\u00e1m pov\u011bd\u011bl, aby moje radost byla ve v\u00e1s a va\u0161e radost aby byla pln\u00e1.\u201c<\/p>\n\n\n\n<p><strong><em>Zachov\u00e1te-li m\u00e1 p\u0159ik\u00e1z\u00e1n\u00ed, z\u016fstanete v m\u00e9 l\u00e1sce, jako j\u00e1 zachov\u00e1v\u00e1m p\u0159ik\u00e1z\u00e1n\u00ed sv\u00e9ho Otce a z\u016fst\u00e1v\u00e1m v jeho l\u00e1sce.<\/em><\/strong><\/p>\n\n\n\n<p><strong>P\u00e1 8.5.26 Jan 15,12 \u2013 17<\/strong><\/p>\n\n\n\n<p><a href=\"http:\/\/biblenet.cz\/b\/John\/15#v12\"><strong>12<\/strong><\/a>\u201eTo je m\u00e9 p\u0159ik\u00e1z\u00e1n\u00ed, abyste se milovali navz\u00e1jem, jako jsem j\u00e1 miloval v\u00e1s.<a href=\"http:\/\/biblenet.cz\/b\/John\/15#v13\"><strong>13<\/strong><\/a>Nikdo nem\u00e1 v\u011bt\u0161\u00ed l\u00e1sku ne\u017e ten, kdo polo\u017e\u00ed \u017eivot za sv\u00e9 p\u0159\u00e1tele.<a href=\"http:\/\/biblenet.cz\/b\/John\/15#v14\"><strong>14<\/strong><\/a>Vy jste moji p\u0159\u00e1tel\u00e9, \u010din\u00edte-li, co v\u00e1m p\u0159ikazuji.<a href=\"http:\/\/biblenet.cz\/b\/John\/15#v15\"><strong>15<\/strong><\/a>U\u017e v\u00e1s nenaz\u00fdv\u00e1m slu\u017eebn\u00edky, proto\u017ee slu\u017eebn\u00edk nev\u00ed, co \u010din\u00ed jeho p\u00e1n. Nazval jsem v\u00e1s p\u0159\u00e1teli, nebo\u0165 jsem v\u00e1m dal poznat v\u0161echno, co jsem sly\u0161el od sv\u00e9ho Otce.<a href=\"http:\/\/biblenet.cz\/b\/John\/15#v16\"><strong>16<\/strong><\/a>Ne vy jste vyvolili mne, ale j\u00e1 jsem vyvolil v\u00e1s a ustanovil jsem v\u00e1s, abyste \u0161li a nesli ovoce a va\u0161e ovoce aby z\u016fstalo; a Otec v\u00e1m d\u00e1, o\u010d byste ho prosili v m\u00e9m jm\u00e9nu.<a href=\"http:\/\/biblenet.cz\/b\/John\/15#v17\"><strong>17<\/strong><\/a>To v\u00e1m p\u0159ikazuji, abyste jeden druh\u00e9ho milovali.<\/p>\n\n\n\n<p><strong><em>Nikdo nem\u00e1 v\u011bt\u0161\u00ed l\u00e1sku ne\u017e ten, kdo polo\u017e\u00ed \u017eivot za sv\u00e9 p\u0159\u00e1tele.<\/em><\/strong><\/p>\n\n\n\n<p><strong>So 9.5.26 Jan 15,18 \u2013 21<\/strong><\/p>\n\n\n\n<p><a href=\"http:\/\/biblenet.cz\/b\/John\/15#v18\"><strong>18<\/strong><\/a>Nen\u00e1vid\u00ed-li v\u00e1s sv\u011bt, v\u011bzte, \u017ee m\u011b nen\u00e1vid\u011bl d\u0159\u00edve ne\u017e v\u00e1s.<a href=\"http:\/\/biblenet.cz\/b\/John\/15#v19\"><strong>19<\/strong><\/a>Kdybyste n\u00e1le\u017eeli sv\u011btu, sv\u011bt by miloval to, co je jeho. Proto\u017ee v\u0161ak nejste ze sv\u011bta, ale j\u00e1 jsem v\u00e1s ze sv\u011bta vyvolil, proto v\u00e1s sv\u011bt nen\u00e1vid\u00ed.<a href=\"http:\/\/biblenet.cz\/b\/John\/15#v20\"><strong>20<\/strong><\/a>Vzpome\u0148te si na slovo, kter\u00e9 jsem v\u00e1m \u0159ekl: Sluha nen\u00ed nad sv\u00e9ho p\u00e1na. Jestli\u017ee pron\u00e1sledovali mne, i v\u00e1s budou pron\u00e1sledovat \u2013 jestli\u017ee m\u00e9 slovo zachovali, i va\u0161e zachovaj\u00ed.<a href=\"http:\/\/biblenet.cz\/b\/John\/15#v21\"><strong>21<\/strong><\/a>Ale to v\u0161e v\u00e1m u\u010din\u00ed pro m\u00e9 jm\u00e9no, pon\u011bvad\u017e neznaj\u00ed toho, kter\u00fd m\u011b poslal.<\/p>\n\n\n\n<p><strong><em>Sluha nen\u00ed nad sv\u00e9ho p\u00e1na. Jestli\u017ee pron\u00e1sledovali mne, i v\u00e1s budou pron\u00e1sledovat \u2013 jestli\u017ee m\u00e9 slovo zachovali, i va\u0161e zachovaj\u00ed.<\/em><\/strong><\/p>\n","protected":false},"excerpt":{"rendered":"<p>Jd\u011bte do cel\u00e9ho sv\u011bta a ka\u017ete evangelium v\u0161emu stvo\u0159en\u00ed. St\u00e1le v\u00edce si uv\u011bdomuji, jak moc pot\u0159ebujeme po\u017eehn\u00e1n\u00ed pr\u00e1v\u011b my, tak ustra\u0161en\u00ed, \u00fazkostn\u00ed a nejist\u00ed lid\u00e9. Ne 3.5.26 Jan 14,1 \u2013&hellip;<\/p>\n","protected":false},"author":1,"featured_media":0,"parent":0,"menu_order":0,"comment_status":"closed","ping_status":"closed","template":"","meta":{"footnotes":""},"class_list":["post-35","page","type-page","status-publish","hentry"],"_links":{"self":[{"href":"https:\/\/farnostchropyne.cz\/web\/wp-json\/wp\/v2\/pages\/35","targetHints":{"allow":["GET"]}}],"collection":[{"href":"https:\/\/farnostchropyne.cz\/web\/wp-json\/wp\/v2\/pages"}],"about":[{"href":"https:\/\/farnostchropyne.cz\/web\/wp-json\/wp\/v2\/types\/page"}],"author":[{"embeddable":true,"href":"https:\/\/farnostchropyne.cz\/web\/wp-json\/wp\/v2\/users\/1"}],"replies":[{"embeddable":true,"href":"https:\/\/farnostchropyne.cz\/web\/wp-json\/wp\/v2\/comments?post=35"}],"version-history":[{"count":118,"href":"https:\/\/farnostchropyne.cz\/web\/wp-json\/wp\/v2\/pages\/35\/revisions"}],"predecessor-version":[{"id":1637,"href":"https:\/\/farnostchropyne.cz\/web\/wp-json\/wp\/v2\/pages\/35\/revisions\/1637"}],"wp:attachment":[{"href":"https:\/\/farnostchropyne.cz\/web\/wp-json\/wp\/v2\/media?parent=35"}],"curies":[{"name":"wp","href":"https:\/\/api.w.org\/{rel}","templated":true}]}}